 k = 53 + 37. Calculate the highest common divisor of k and 18.
18
Let n = 79 + -44. Let g be 0 - -5*(-2 + 3). Calculate the highest common divisor of g and n.
5
Let c be ((-84)/10)/(3/(-30)). Suppose 7*r - 2*r = -2*z + c, 0 = 2*r - 8. Calculate the highest common divisor of 8 and z.
8
Let l(s) = 6*s - 2. Let i be l(2). What is the highest common divisor of i and 25?
5
Suppose -k - 2*o + 13 = -7*o, -3*k - 4*o = -1. Suppose 4*a = k*a + 8. What is the highest common divisor of a and 1?
1
Let b = 24 - 11. Suppose 2*h = -2*a + 6, h - 4*a - b = -0*a. Let t = 12 - h. Calculate the greatest common divisor of t and 1.
1
Let q = 75 - 73. Calculate the highest common factor of 1 and q.
1
Let l(s) = s**2 - 6*s - 4. Let b = -8 - -16. Let n be l(b). What is the highest common divisor of 3 and n?
3
Let b(x) = -2*x - 8. Let z be b(-8). Let u be ((-2)/6)/((-3)/27). Suppose 5*v - 6 = -4*h + 6, -2*h = -u*v - 28. What is the greatest common divisor of h and z?
8
Let y be 495/(-22)*(2 - (-48)/(-9)). What is the greatest common divisor of 25 and y?
25
Let d(f) = 0*f + 15*f + 10*f. Let s be d(1). Let h be (2/4 - -2)*4. Calculate the highest common factor of s and h.
5
Let y = -16 + 88. Suppose 21 = m + 2*m. Suppose i + m = 2*i + s, s + 11 = i. What is the greatest common factor of i and y?
9
Let m be 0/4 + 0/(-2). Suppose m = 3*v + 2 + 4, -6 = -a - 4*v. Calculate the highest common divisor of a and 14.
14
Let w be (-1)/1 + -1 + 5. Let i(o) = -o**3 + 12*o**2 + 13*o. Let r be i(13). Suppose r = -2*c + 12 - 0. Calculate the highest common divisor of w and c.
3
Let i(k) = k**2 - 3*k - 3. Let q = 3 + 1. Let d be i(q). Calculate the greatest common factor of d and 2.
1
Suppose 0 = 4*x - 3 + 43. Let r be -3 + 3 - (x - 0). What is the greatest common factor of r and 30?
10
Suppose -21 = -3*s + 3. Calculate the greatest common divisor of 16 and s.
8
Suppose -2*r + 2*v + 18 = 0, -5*v + 1 = -2*r + 16. Let j be (-3 + 2)/(1/(-25)). What is the highest common divisor of j and r?
5
Suppose 0 = 4*n - 5*f - 658, -n + 206 - 36 = -4*f. Calculate the highest common divisor of 18 and n.
18
Let f(b) = 6*b + 7. Let k be f(3). Calculate the greatest common divisor of 75 and k.
25
Let a(y) = 4*y + 1. Let z be a(5). What is the greatest common factor of z and 3?
3
Let j(m) = m**3 - 3*m**2 + 4*m - 5. Let k be j(3). What is the highest common divisor of 1 and k?
1
Let c = 4 + -7. Let p = 2 - c. Suppose 0 = -4*s + 115 - 15. What is the greatest common factor of s and p?
5
Suppose 366 = 4*q + 110. What is the highest common factor of q and 32?
32
Let w be ((-40)/(-12))/((-2)/(-15)). Let z(a) = -a + 10. Let q(h) = -h + 3. Let b be q(3). Let v be z(b). What is the greatest common factor of v and w?
5
Let i be 8/(-5)*(-15)/6. Suppose -x - 44 = -i*h, h - 5*x = -3 - 5. Let c = 373 - 265. What is the highest common factor of c and h?
12
Let g be 3 + ((-12)/4 - -3). Suppose 0 = -g*q - 0*q + 54. What is the greatest common divisor of 12 and q?
6
Let x(t) = t**2 - t + 3. Let d = -4 - -4. Let f be x(d). Suppose -4*m + 277 = f*l, 4*l = -l - 3*m + 480. What is the greatest common divisor of 11 and l?
11
Let j = 116 + -44. Calculate the greatest common factor of j and 12.
12
Let q = 31 + -10. Calculate the greatest common divisor of 189 and q.
21
Let p(f) = 2*f**2 - 10*f + 8. Let j be p(-11). Calculate the highest common factor of 15 and j.
15
Suppose 0 = 5*j + 199 - 239. Calculate the highest common factor of j and 64.
8
Let d be (17 - 0)/(2 - 1). Suppose 3 - d = -j. What is the highest common divisor of 35 and j?
7
Let d = 59 + -3. Suppose 84 = 3*y + 3*y. Calculate the highest common factor of y and d.
14
Suppose -6*p + 4*p = 2*o - 6, 5*o = 5*p - 15. Suppose -4*j - 6 = -2*s, o = 4*s - 2*j + 6*j - 36. What is the highest common divisor of s and 63?
7
Suppose -2*b - 3*x = -123, 0*b + b + 2*x = 60. What is the highest common factor of b and 6?
6
Let z = 49 + -37. What is the greatest common factor of 96 and z?
12
Suppose -45*x + 48*x = 135. Calculate the greatest common factor of x and 9.
9
Let f be (4/(-10))/((-4)/(-100)). Let g be 2/f - (-124)/20. What is the highest common divisor of 36 and g?
6
Let v = -45 + 58. Let a(l) be the second derivative of 37*l**4/12 + l**3/2 + l**2/2 - l. Let f be a(-2). Calculate the greatest common divisor of v and f.
13
Let b = -51 - -33. Suppose 4*c - 113 = 3*h, 4*c + 3*h + 35 = 5*c. Let w = c + b. What is the highest common factor of w and 56?
8
Let q(b) = 3*b**3 + b**2 - 7*b + 9. Let j be q(4). Let n = 49 - 28. Calculate the greatest common factor of j and n.
21
Let d(o) = -11*o**3 - o**2 + 2*o + 2. Let y be d(-1). Calculate the highest common divisor of y and 90.
10
Let o(j) = 2*j**3 + 15*j**2 + 17*j + 12. Let a be o(-6). What is the greatest common divisor of a and 2?
2
Let u(b) = 2*b**2 + 5*b + 2. Let y be u(-8). What is the greatest common factor of 10 and y?
10
Suppose -4*w = 5*c + 5, c = -w - 3*c - 15. Suppose 0 = -4*z + 3*o + 25, 0 = w*o - 5. Calculate the greatest common divisor of z and 7.
7
Suppose 2*h - h + 2*i = 5, 2 = i. Suppose 5*t + h - 6 = 0. Suppose -2*r - 6 = -0*r + 2*l, 11 = 3*r - 2*l. What is the greatest common divisor of t and r?
1
Let v = 3 - 5. Let y be 2/(-2*v/4). Let c be -14*(-1)/y + -1. Calculate the highest common factor of c and 6.
6
Let g = 30 + -46. Let d be (g/6)/(6/(-9)). Suppose -b + 210 = d*b. What is the greatest common factor of b and 14?
14
Suppose -204 = l - 567. Suppose -4*j + 117 = -l. Calculate the greatest common divisor of 15 and j.
15
Let p(g) = -g**3 - 13*g**2 - 13*g - 5. Let o be p(-12). Calculate the highest common divisor of o and 7.
7
Let u be -1*4*6/12. Let b be (-4)/(-8)*u - -22. Calculate the greatest common divisor of b and 14.
7
Let u(c) = -c**3 - 3*c**2 - 6*c - 25. Let f be u(-5). Calculate the greatest common divisor of f and 440.
55
Let n(a) = -a. Let l be n(0). Suppose -h = -l*h. Suppose h = -4*q + 30 + 102. What is the highest common divisor of 11 and q?
11
Let n = -52 - -223. What is the highest common factor of 19 and n?
19
Let s = 9 - 15. Let k be (-310)/s - (-2)/(-3). Calculate the highest common divisor of k and 17.
17
Suppose 5*c - 3*p = 209, 2*p + 203 = 5*c + p. Let t = c + -16. Let i be (2/(-4))/1*-8. What is the greatest common factor of t and i?
4
Suppose -4*q + 3*w + 87 = 0, -q + 2*q + 2*w = 30. What is the greatest common factor of 60 and q?
12
Let s(r) = r**2 + r + 108. Let b be s(0). Let y = -63 + b. Suppose -3*w + 2 = -43. Calculate the greatest common factor of w and y.
15
Suppose 5*p = -2*d + 4*d + 61, 0 = 4*p + 2*d - 56. Let w(a) = 6*a**2 + 6*a - 3. Let z be w(-5). Calculate the highest common divisor of z and p.
13
Suppose 5*y - 63 + 7 = -v, -v + 4*y = -74. What is the highest common factor of v and 22?
22
Let c(w) = w**2 - 23*w - 50. Let u be c(28). Suppose 3*k - 49 = 5. Calculate the highest common factor of u and k.
18
Suppose 3 + 4 = c. Let t be (-2)/c - (-298)/14. Calculate the greatest common factor of 7 and t.
7
Suppose -5*d = -0*d, -4*g - 8 = -2*d. Let s = g + 4. Suppose -32 = -2*a + 3*k, -a + 2*k + 3*k + s = 0. What is the highest common divisor of a and 11?
11
Let x be 10 + 2 + 1*-4. Suppose 5*w - 295 = -5*h, -2*h - 340 = -5*w + 2*h. Calculate the highest common divisor of x and w.
8
Let f be (2 - -3*36) + 2. Calculate the greatest common factor of f and 14.
14
Suppose 232 = 4*o - h - 0*h, 134 = 2*o - 5*h. Calculate the greatest common divisor of o and 38.
19
Suppose -h - 703 = -4*b - b, 4*b - 3*h = 558. Suppose 6*y - 237 - b = 0. What is the greatest common factor of 9 and y?
9
Let d = 1 - 0. Let f = d + 3. Suppose -6*n + f*z = -2*n - 68, 29 = 2*n + 3*z. Calculate the highest common factor of n and 4.
4
Suppose 3*f - 33 - 114 = 0. Suppose -5*v + 57 = -3*c - 0*c, -4*v + f = c. Let x = 19 - 7. What is the greatest common divisor of x and v?
12
Let m be 4/(-2) - (1 + -3). Let v be (4 + -6)*(-11 - m). Suppose 2*t = 3*t - v. What is the greatest common factor of 55 and t?
11
Let j(t) = -8*t + 1. Let z be j(1). Let b(y) = -y**2 - 11*y + 2. Let m be b(z). Let d be 5/3*(-1 - -7). Calculate the highest common divisor of d and m.
10
Suppose 5*t = 5*o - 45, -2*o + 5*t + 0*t = -21. Let v = -14 + 17. Let p = v - -21. Calculate the greatest common divisor of p and o.
8
Let q(i) = i**3 - 6*i*